e 3?
-1111002120
5c6 (base 14) to base 12
802
Convert -183 (base 13) to base 14.
-15a
What is -12 (base 11) in base 14?
-d
-3612 (base 9) to base 15
-bde
Convert -2131 (base 12) to base 9.
-4881
Convert 442420 (base 7) to base 13.
294c1
What is -21ca (base 15) in base 8?
-15775
65223 (base 8) to base 11
19553
-363 (base 7) to base 15
-cc
-a603 (base 14) to base 5
-1403434
6d99 (base 14) to base 15
5a17
-200112 (base 3) to base 2
-111110100
Convert -1ee (base 15) to base 4.
-13001
Convert -112101200 (base 3) to base 14.
-3b78
0 (base 13) to base 11
0
What is 653 (base 11) in base 14?
400
60425 (base 8) to base 12
12471
What is -348 (base 11) in base 12?
-2a7
-5a1 (base 16) to base 4
-112201
-2531 (base 8) to base 5
-20434
-114540 (base 6) to base 2
-10011110011100
Convert -176 (base 10) to base 3.
-20112
-211001020 (base 3) to base 12
-9373
18003 (base 11) to base 4
12023030
Convert -378 (base 11) to base 13.
-286
What is -16430 (base 7) in base 14?
-19c0
Convert -3223 (base 4) to base 10.
-235
What is -26520 (base 7) in base 15?
-2199
-1837 (base 10) to base 6
-12301
-3453 (base 7) to base 6
-5503
Convert 111100011 (base 2) to base 16.
1e3
What is 448c (base 14) in base 7?
46435
What is -6772 (base 13) in base 16?
-387a
10125 (base 6) to base 12
945
Convert 4668 (base 9) to base 13.
1766
-70032 (base 8) to base 2
-111000000011010
What is -3e0 (base 15) in base 2?
-1101110101
Convert -330301 (base 4) to base 15.
-1244
Convert -32a (base 16) to base 3.
-1010000
40650 (base 7) to base 5
304213
21043 (base 5) to base 10
1398
13452 (base 6) to base 10
2120
What is -2345 (base 9) in base 12?
-1012
Convert 1274 (base 8) to base 7.
2020
What is 755 (base 10) in base 13?
461
1b9 (base 16) to base 3
121100
-11340 (base 5) to base 2
-1101001101
Convert 4863 (base 14) to base 7.
51553
-333212 (base 5) to base 6
-130030
Convert -30240 (base 6) to base 12.
-2380
What is 2426 (base 8) in base 6?
10010
What is 587 (base 16) in base 14?
731
What is 135b (base 13) in base 9?
3728
Convert -10a1b (base 12) to base 3.
-1010110012
-5473 (base 8) to base 4
-230323
17032 (base 9) to base 5
333233
Convert -1111110100 (base 2) to base 12.
-704
What is -101111010001001 (base 2) in base 4?
-11322021
What is a01a (base 12) in base 4?
10032112
1010312 (base 5) to base 13
7584
What is 28b4 (base 16) in base 14?
3b24
What is 10101000101001 (base 2) in base 9?
15722
Convert 16511 (base 8) to base 3.
101021200
What is -42141 (base 7) in base 10?
-10368
-14885 (base 9) to base 13
-484a
What is 11100111 (base 2) in base 11?
1a0
Convert -45c (base 15) to base 2.
-1111011011
What is -10101101100111 (base 2) in base 14?
-4099
180 (base 10) to base 13
10b
-111212012 (base 3) to base 8
-23567
Convert 758 (base 11) to base 15.
40a
Convert -c8b (base 16) to base 9.
-4357
-130200 (base 4) to base 11
-1409
Convert 23407 (base 11) to base 16.
83e6
What is 1110011110 (base 2) in base 12?
652
164 (base 16) to base 2
101100100
What is 1112233 (base 5) in base 2?
100110011101101
-2062a (base 13) to base 4
-32030330
1000 (base 10) to base 8
1750
What is 1a1 (base 11) in base 15?
107
-1110210 (base 3) to base 4
-100302
-44403 (base 5) to base 3
-11020221
-1256 (base 8) to base 6
-3102
Convert -114616 (base 7) to base 11.
-14769
What is -a6 (base 11) in base 2?
-1110100
-487 (base 12) to base 7
-1660
-1143155 (base 6) to base 12
-2aabb
What is -20 (base 3) in base 6?
-10
-24 (base 6) to base 2
-10000
Convert 344414 (base 5) to base 12.
7284
Convert -13660 (base 9) to base 8.
-22110
-ddc (base 15) to base 13
-156c
Convert -313013 (base 4) to base 15.
-10a2
80 (base 15) to base 9
143
What is -ef6 (base 16) in base 10?
-3830
5034 (base 7) to base 14
8c4
Convert 7572 (base 8) to base 13.
1a5a
-486 (base 10) to base 14
-26a
Convert 66046 (base 7) to base 11.
11439
-122011 (base 4) to base 11
-1288
1002 (base 4) to base 12
56
What is -21b9 (base 14) in base 7?
-23022
1119 (base 13) to base 14
c28
25501 (base 6) to base 15
121d
4152 (base 6) to base 11
778
Convert 323221 (base 4) to base 7.
14062
Convert 16a (base 14) to base 2.
100100010
What is -11452 (base 12) in base 5?
-1214402
11100011010001 (base 2) to base 4
3203101
What is -1303003 (base 5) in base 9?
-37727
-4960 (base 10) to base 7
-20314
Convert -362 (base 7) to base 11.
-164
What is -e60 (base 16) in base 5?
-104210
What is 387 (base 11) in base 3?
121222
What is -1112021 (base 3) in base 11?
-923
What is -1685 (base 9) in base 7?
-3524
Convert 338aa (base 11) to base 6.
1014512
What is 2949 (base 10) in base 4?
232011
11065 (base 9) to base 6
54005
What is 24 (base 5) in base 2?
1110
What is 27673 (base 8) in base 13?
573c
What is 6253 (base 7) in base 12?
132a
Convert b10a (base 15) to base 11.
26084
-23c6 (base 16) to base 8
-21706
a77 (base 11) to base 2
10100001110
Convert 444014 (base 6) to base 13.
13bb8
What is -3465 (base 12) in base 5?
-141322
135 (base 15) to base 7
542
Convert -2065 (base 7) to base 14.
-3a5
9138 (base 14) to base 15
75cc
-125437 (base 8) to base 7
-241501
3241 (base 12) to base 5
134041
Convert 256 (base 9) to base 12.
159
Convert c9d (base 15) to base 8.
5440
What is 8a11 (base 11) in base 8?
27136
What is -111111101010011 (base 2) in base 9?
-48636
53545 (base 6) to base 5
213322
Convert 316 (base 10) to base 3.
102201
13220 (base 7) to base 6
24222
What is a55 (base 12) in base 10?
1505
What is -3198 (base 11) in base 6?
-31313
-5781 (base 10) to base 3
-21221010
Convert 3103 (base 5) to base 15.
1bd
What is 176 (base 16) in base 13?
22a
What is -110120 (base 3) in base 4?
-11103
What is -2111012200 (base 3) in base 13?
-193bc
Convert -111010110101 (base 2) to base 11.
-2913
What is 1333230 (base 5) in base 7?
142431
Convert -23231 (base 5) to base 2.
-11010011011
Convert 11c9 (base 13) to base 15.
b3b
Convert -3938 (base 13) to base 9.
-12165
What is -1cab (base 14) in base 2?
-1010001111111
What is bc (base 15) in base 6?
453
What is 33254 (base 8) in base 11?
a574
What is -11023221 (base 4) in base 5?
-1134400
-133a5 (base 12) to base 11
-18990
What is -8904 (base 12) in base 15?
-4734
Convert 918a (base 11) to base 15.
3933
Convert -222432 (base 6) to base 13.
-86b7
Convert -194c8 (base 13) to base 16.
-c016
-31121 (base 4) to base 8
-1531
What is -996 (base 16) in base 13?
-116a
Convert 30200312 (base 4) to base 16.
c836
Convert -2525 (base 6) to base 7.
-1556
Convert 7111 (base 15) to base 4.
11310322
What is 1110120 (base 3) in base 10?
1068
3d69 (base 14) to base 13
4c45
What is -14100 (base 6) in base 15?
-9b6
-133212 (base 5) to base 12
-3188
4390 (base 10) to base 15
147a
What is -1020120 (base 3) in base 10?
-906
What is 161 (base 10) in base 12?
115
What is -1212021021 (base 3) in base 6?
-441354
-43333 (base 5) to base 6
-21424
-6193 (base 13) to base 5
-412341
What is -8f71 (base 16) in base 3?
-1212101001
What is -154511 (base 6) in base 4?
-3233023
What is -44a8 (base 13) in base 6?
-112242
What is 312 (base 13) in base 12?
376
What is 1542 (base 6) in base 11?
354
Convert -375 (base 9) to base 12.
-21b
What is -6a2 (base 11) in base 13?
-4c6
Convert -12945 (base 12) to base 9.
-38028
Convert aa5 (base 11) to base 9.
1732
-3123310 (base 4) to base 16
-36f4
Convert -102020011 (base 3) to base 10.
-8185
Convert 1302332 (base 4) to base 14.
2978
Convert 1012032 (base 5) to base 9.
24582
What is 65031 (base 8) in base 5?
1332121
What is 2603 (base 12) in base 8?
10343
Convert -71475 (base 8) to base 9.
-44418
Convert 367c (base 15) to base 5.
332332
What is -2031403 (base 5) in base 16?
-8249
Convert -22103021 (base 4) to base 15.
-c775
-124 (base 16) to base 14
-16c
What is -1254000 (base 6) in base 7?
-406530
What is 63a4 (base 12) in base 4?
2222230
What is 19975 (base 10) in base 16?
4e07
What is 10173 (base 9) in base 11?
5049
Convert -34201 (base 5) to base 6.
-15122
What is -20311303 (base 4) in base 6?
-435351
What is -68c6 (base 13) in base 7?
-60563
-101110 (base 3) to base 12
-1b6
11416 (base 7) to base 5
43303
4621 (base 12) to base 10
7801
Convert -3793 (base 13) to base 7.
-32005
What is -1001010 (base 3) in base 4?
-23313
What is 198 (base 14) in base 13?
1c5
What is -8516 (base 15) in base 4?
-12313302
What is -24566 (base 8) in base 16?
-2976
10110100101100 (base 2) to bas